erivative of 0 - 1/6*i**3 - i**2 + 1/12*i**4 - i. What are the prime factors of b(-2)?
2
Let c = -2 + 2. Suppose 0 = 4*p, 2*m - 3*p - 8 = -c. What are the prime factors of 2/8 + 11/m?
3
Let q(b) = -b**2 + 9*b + 6. Let i be q(9). Suppose 8*y = i*y + 12. List the prime factors of y.
2, 3
Suppose -4*b + 25 = b. Suppose 0 = b*g - 102 - 28. List the prime factors of g.
2, 13
Let f = -100 - -147. List the prime factors of f.
47
Let l = -3 + 9. Suppose 0 = -x + 5, -10 = -4*c - 4*x + l. List the prime factors of (c/(-2) + -1)*-4.
2
Suppose -6*s = -2*s - 96. List the prime factors of s.
2, 3
Suppose -6*d + 4*d + 826 = 2*s, -405 = -d - 3*s. What are the prime factors of d?
3, 139
Suppose 3*p - p + 5*k = 171, -3*k = -4*p + 277. What are the prime factors of p?
73
Let l(b) = -b**3 - b**2 + 1. Let c be l(0). Let d(y) = -2*y + 0*y - c + 14*y. What are the prime factors of d(1)?
11
Let m(y) = -y**2 + 24*y - 7. What are the prime factors of m(17)?
2, 7
Let i = 36 - -58. List the prime factors of i.
2, 47
Let f(j) = 4*j**2 + 3*j - 1. What are the prime factors of f(3)?
2, 11
List the prime factors of 3/(-2) + (-84)/(-8).
3
Suppose -2*q + 5*q + 15 = 0, 3*q - 144 = -3*p. What are the prime factors of p?
53
Let u = -3 + 5. Suppose -3*d + 2*l + 9 = 0, u*d + 4*l + 6 + 4 = 0. Suppose 1 = b - d. List the prime factors of b.
2
Let o(i) = -8*i + 4 + 7*i**2 + 1 - i**3 + 0*i**3 + 0*i**3. List the prime factors of o(5).
3, 5
Let w(m) be the third derivative of -11*m**6/120 + m**4/12 + m**3/6 - 5*m**2. List the prime factors of w(-1).
2, 5
Let d(a) = a**2 - a + 19. Let n = -15 + 15. What are the prime factors of d(n)?
19
Let w(z) = -z**2 - 7 + 1 + 3*z + 5*z. Let l be w(6). Suppose 2*f + f = l. What are the prime factors of f?
2
Let p(i) = 2*i + 14. Let n be p(-10). Let r = n + 8. What are the prime factors of r?
2
Let h = -7 + 7. Suppose 5*t - 7*t + 4*w + 32 = h, 3*t - 5*w = 44. What are the prime factors of t?
2
Let f = 5 + -3. Suppose f*a - 18 = 28. What are the prime factors of a?
23
Suppose 2*p - 1083 = -3*p + 4*w, 645 = 3*p - 4*w. List the prime factors of p.
3, 73
Suppose -7*v - 15 = -2*v. Let p(b) = -10*b - 6. List the prime factors of p(v).
2, 3
Let m(u) = -u**3 + 10*u**2 - 2*u. Let d be m(9). Suppose -d = -3*k - 4*y, -k + 3*y + 25 = k. What are the prime factors of k?
17
Let w be 2/(-6) + 4/(-6). Let f be -6*-3*w/6. List the prime factors of 1/f - 93/(-9).
2, 5
Let v = -3 - -12. Let d = v - 7. Let z = d + 12. What are the prime factors of z?
2, 7
Suppose 0 = -5*p + 5*q + 6 + 74, -2*p - q + 44 = 0. What are the prime factors of p?
2, 5
Let u(n) = n + 2. Let g be u(0). Let j be 9/2 - 1/g. Suppose j*y = -4*o + 28, -5*y - 3*o + 5 = -36. List the prime factors of y.
2, 5
Let l = -128 - -299. What are the prime factors of l?
3, 19
List the prime factors of (-4)/(-32) - 2595/(-40).
5, 13
Let x = 1 - 8. Let m = 11 + x. List the prime factors of m.
2
Let c(h) = -2*h**2 - 3*h - 1. Let x(f) = f. Let d(y) = -c(y) + 3*x(y). Let a be d(-5). Suppose -a = -3*m + 6. What are the prime factors of m?
3
Let j be -2 - ((-12)/1)/(-2). Let u(p) = p**3 + 9*p**2 + 8*p + 9. List the prime factors of u(j).
3
Suppose -2*u = -5*x - 10, 2*x + 5 + 8 = -u. Let m = u + -6. Let g = 15 + m. What are the prime factors of g?
2
Let y = 23 + -18. List the prime factors of y.
5
Suppose -5*g = -5*t + 150, 2*g - 15 = -5*t + 135. List the prime factors of t.
2, 3, 5
Suppose 5*u = -2*x + 172, 4*x + 0*x - 312 = -2*u. What are the prime factors of x?
2, 19
Suppose -2*z + 14 = -z. List the prime factors of z.
2, 7
Let l(m) = -93*m + 10. List the prime factors of l(-2).
2, 7
Suppose 8*t = 3*t + 140. Suppose t = 3*l + 4. List the prime factors of l.
2
Suppose 0 = -3*d + 3*x + 18, 3*d - 4*x - 20 = d. Suppose 12 = d*r + 2. Suppose -3*n = n + 4*a - 40, 0 = r*a + 15. List the prime factors of n.
13
Let z(j) = j**3 + 2*j**2 - j + 11. List the prime factors of z(0).
11
Suppose -2*i = -25 - 47. What are the prime factors of i?
2, 3
Let c = 8 - -52. List the prime factors of c.
2, 3, 5
List the prime factors of 600/16 + 6/(-4).
2, 3
Let q = -9 - -11. What are the prime factors of (-282)/(-22) + q/11?
13
Suppose -2*x + 3 = p, 0 = -2*p + 7*x - 3*x - 10. Let w = p + 4. What are the prime factors of w?
3
Suppose -2*l = -m - 3, 6*m = 4*m + 2*l - 14. Let d = 24 + m. List the prime factors of d.
13
Let h be -12*(-1)/3*1. Suppose -6 - h = -5*j. What are the prime factors of j?
2
Suppose -s + 12 = -3. Suppose 3*q = 6*q - s. Suppose h + 40 = 4*z + 2*h, 50 = q*z - 3*h. List the prime factors of z.
2, 5
Suppose -5*u - 7 = -2. Let v(b) = 10*b**2 + b + 1. Let l be v(u). Suppose -3*o + 102 = 5*q - 0*o, q = 2*o + l. What are the prime factors of q?
2, 3
Let g = -7 - -7. Suppose 2*l + g*y + y = 0, -2*l = 2*y + 4. Suppose -l = -3*h + 7. List the prime factors of h.
3
Let z = -7 + 7. Suppose z = 5*o - 4*o + 164. What are the prime factors of o/(-12) - 1/(-3)?
2, 7
Let b(f) = -f + 8. Let p be b(4). Let n = p + 0. List the prime factors of (n - 0) + 1 - 2.
3
Let o be (-12 - -3)/(-3) - -42. Let v = 66 - o. List the prime factors of v.
3, 7
Let i(d) = d - 4. Let a(w) = 4*w**2. Let m be a(-1). Let o be i(m). What are the prime factors of 9 - (o + 0 - 1)?
2, 5
Let r be -3 - ((-1 - 1) + 1). Let u = -12 + 63. What are the prime factors of r - (3 + u/(-3))?
2, 3
Suppose 7*m + 5 = 2*m. Let j be -1 + m*(-2 + 1). Suppose -i = -j*i - 11. What are the prime factors of i?
11
What are the prime factors of 2*39/2 - 2?
37
Let a = 7 - 5. Suppose 10 = a*b - 0*b, 0 = -5*m + 4*b - 20. List the prime factors of -6*(2/(-2) - m).
2, 3
Let g(k) = -k - 1. Let x(l) = -12*l**2 - 5. Let d(v) = 3*g(v) - x(v). List the prime factors of d(1).
11
Suppose 0 = 3*u - 5*h - 22, 0*u + h = 5*u - 22. What are the prime factors of (-3)/6 - (-142)/u?
5, 7
Let b be ((-8)/(-6))/(2/(-84)). What are the prime factors of (b/7)/((-4)/10)?
2, 5
Let x be 2/(-2) - -1 - -62. Let c = x + -42. Suppose -u + 6*u = c. List the prime factors of u.
2
Suppose -2*s + 15 = -13. List the prime factors of s.
2, 7
Let q = -48 + 94. Suppose 3*g = q + 14. List the prime factors of g.
2, 5
Let a(l) = -4*l**2 - 2*l - 8 - 3*l + 4*l**2 + l**2. What are the prime factors of a(8)?
2
What are the prime factors of 102 + (-48)/22 + (-12)/(-66)?
2, 5
Let v = 6 + -11. What are the prime factors of (-10)/25 - 82/v?
2
Let d(l) = 3*l**2 - l. Suppose 4 = -2*q - 2*q. Let f be d(q). Suppose -c - 36 = -f*c. What are the prime factors of c?
2, 3
Let p be (-4)/(-6) + (-13)/(-3). Let f(r) = 5*r - 5. Let t be f(6). Suppose p = -5*x + t. What are the prime factors of x?
2
Let z = 10 + -2. Suppose 3*d - z*d = -85. List the prime factors of d.
17
Suppose 0 = -a + 5*u + 14, -4*a + 4*u = a - 49. Suppose v - 4*x + 1 = -0*v, x = -v + 4. List the prime factors of a/(2 - -1)*v.
3
Let v(s) = 38*s**2 + s - 2. List the prime factors of v(1).
37
Let f(a) = -a + 3. Let n be f(0). Suppose -n*i + 2*i = 0. Suppose i*t = 5*t - 30. List the prime factors of t.
2, 3
Let g(y) = 3*y**2 + y. List the prime factors of g(-6).
2, 3, 17
Let c be (35/(-2))/(-7)*-2. Let w(u) = -u + 3. Let o be w(c). Suppose 3*b + 34 = 4*p, 3*b - 28 = -3*p + o. What are the prime factors of p?
2, 5
Suppose 2*r = -4 - 6, 4*o + 4*r - 104 = 0. What are the prime factors of o?
31
Suppose q = 3*q - 20. Let o be 2/(-5) - (-4)/q. Let w(j) = j + 14. What are the prime factors of w(o)?
2, 7
Let f be 2 + (-4)/(4/(-3)). Suppose -2*o = -o - 5. Suppose -10 = -2*j + o*s, 24 = f*j - 4*s - 18. List the prime factors of j.
2, 5
Let l(i) = -3*i**3 - 5*i**2 + 5*i + 4. Let c be l(-4). Suppose -5*t + 94 + c = 0. What are the prime factors of t?
2, 19
Let w be 41 + (0/(-2) - -1). Suppose -w = -2*k - 0*k. What are the prime factors of k?
3, 7
Let r(c) = -c - 6. Let g(m) = -2*m - 13. Let z(p) = p**2 + 8*p + 5. Let i be z(-8). Let n(d) = i*r(d) - 3*g(d). List the prime factors of n(-4).
5
Suppose h = -3*h + 188. What are the prime factors of h?
47
Let y(g) = -2*g**2 - 4*g - 3. Let j be y(-3). Let r(t) = -t**3 - 8*t**2 + 3*t - 4. What are the prime factors of r(j)?
2, 5
Suppose 3*s + 3*i = -2*i + 341, i = 2*s - 223. What are the prime factors of s?
2, 7
Let q(z) = z**2 - 4*z + 1. Let l be q(3). What are the prime factors of l/((-51)/(-57) + -1)?
19
Let t(s) = -16*s**2 + 66*s + 16. Let q(y) = 3